 units digit of q?
1
Let q = -122 - -123. Suppose 0 = -17*j - 1 + q. Suppose j = -7*t + 2*t - 3*x + 581, 240 = 2*t + 5*x. What is the units digit of t?
5
Let z = -574 + 3185. What is the hundreds digit of z?
6
What is the thousands digit of (-131 + 149)*717/2?
6
Let o be (4/(-5))/((-814)/(-6105)). Let c = 0 + -8. What is the tens digit of (0 + -18)*(c - o)?
3
Suppose 0 = -5*i - 11*i + 10592. Suppose -47*x - i = -49*x. What is the units digit of x?
1
Let a(c) = 54*c**2 - 4*c - 8. Let k be a(2). Let v = -158 + k. What is the units digit of v?
2
Let x(k) = 5*k**3 - 584*k**2 - 21*k + 45. What is the thousands digit of x(117)?
1
Suppose -3*n - 4*u + 11 = -5*u, -35 = -5*n + 5*u. Let x be -1 + (23 + -3)/n. Let o = x - -59. What is the tens digit of o?
6
Let l = -12 - -61. Let q = -86 + l. What is the units digit of q/(-2) - (-8)/(-16)?
8
Let h = 12500 - 5162. Suppose 4*x + 2*g - h = -2206, 3*x - 3846 = -3*g. What is the thousands digit of x?
1
Let f(c) = -c**3 - 15*c**2 + 7*c + 15. Let t be f(-13). Let z = t + 586. Let i = -55 + z. What is the tens digit of i?
1
Let j be (3/(-5) - (-14)/10)*-5. Let k be (4 - 0)/j - (-16)/1. Suppose -3*f + 4*w = -f - 92, -k = -3*w. What is the units digit of f?
6
Suppose 0 = -4*x + 3*d - 8*d + 3081, 2*d = -4*x + 3078. Let l = -152 + x. What is the units digit of l?
7
Suppose -58001 = -2*m + 3*k, -29*m - 5*k = -27*m - 57993. What is the thousands digit of m?
8
Let b be ((-77)/12 + 6/9)*-76. Suppose -12 = -5*h + h, -3*h + b = f. What is the hundreds digit of f?
4
Suppose 4*n - 250 = 226. Let k = n + -95. What is the units digit of k?
4
Let d(i) = -3*i + 2. Let v be d(6). Let q = -11 - v. Suppose -k = q*l - 0*k - 527, -2*l + 200 = 4*k. What is the units digit of l?
6
What is the tens digit of (18/(-1) + 3494790/(-180))/(2/(-4))?
6
Let z(k) be the second derivative of -7*k**5/20 - 11*k**4/3 - 43*k**3/2 - 157*k + 1. What is the units digit of z(-3)?
0
Let n be (3 + -1430)*(2 - 1). Let y = -819 - n. What is the units digit of y?
8
Suppose -132*k - 2271710 = -247*k. What is the thousands digit of k?
9
Let l = -2838 + 32841. What is the thousands digit of l?
0
Let a(i) = 3*i**2 + 3*i + 7. Let l be a(5). Let n(m) = -36*m + 3. Let z be n(1). Let f = l + z. What is the tens digit of f?
6
Let t = 936 - 1185. Suppose -u = 63 + 54. Let s = u - t. What is the tens digit of s?
3
Let o(r) = 2*r**3 + 3*r + 1. Let g be o(2). Let q = g - 45. Let s(b) = b**3 + 23*b**2 + 21*b + 2. What is the units digit of s(q)?
4
Let u(t) = -198*t + 22. Let s = 59 - 72. Let c be u(s). What is the hundreds digit of (1/2)/(11/c)?
1
Let s = 8 + -86. Let x = -272 - -536. Let o = s + x. What is the units digit of o?
6
Let u = -321 - -308. Let x(v) = 5*v**2 - 21*v + 12. What is the tens digit of x(u)?
3
Suppose -8*q + 84352 = -q + q. What is the units digit of q?
4
Suppose -j = 5*j - 18. Suppose 0 = -j*n - 16 + 13. What is the tens digit of 49/n*2*(-3)/6?
4
Let h(f) = 2*f**2 + 2*f + 1. Let d be h(-2). Suppose -p - b = -2, 0*p - 26 = 3*p - d*b. What is the hundreds digit of (-2 - (-254)/5)/(p/(-5))?
1
Suppose 4 = 4*d + 4*m - 4, -5*d = -3*m - 18. Let r(h) = 137*h - 174. What is the hundreds digit of r(d)?
2
Let f be (-12)/16*(3 - (5 - -2)). What is the units digit of 5 - (5 + (0 - f))?
3
Suppose 2*v - 86 + 56 = 0. What is the tens digit of 1/(1/1821)*5/v?
0
Suppose -77*b + 6 = -74*b. Let s(i) = 516*i - 13. What is the units digit of s(b)?
9
What is the thousands digit of -16 + (-125271 - 8)/(-7)?
7
Suppose -53*t - 164268 = -249011 - 397292. What is the tens digit of t?
9
Suppose 0*p - 440 = -p. Let g(u) = 49*u**2 - 198*u + 10. Let z be g(4). Suppose -3*q - p = -5*a, 7*q = z*q + 25. What is the tens digit of a?
9
Suppose 16*d = 23*d - 28. What is the hundreds digit of d/(-10) - ((-8736)/15 + 6)?
5
Suppose 4213 = 150*w - 139*w - 4433. What is the hundreds digit of w?
7
Let r(i) = -11*i**3 + 8*i**2 + 2*i + 3. Let l(y) = -y**3 + y + 2. Let a(w) = 3*l(w) - r(w). What is the tens digit of a(4)?
9
Let j be (-34)/(-12) + 49/294. Suppose 3*a = j*v - 4*v + 377, -5*a = 3*v - 1135. What is the units digit of v?
0
Let y be ((-1)/(-1))/((-5)/(-10)). Let q be (-3 - y)/5 + 6. Suppose -5*u = -120 - q. What is the units digit of u?
5
Let u(h) = 904*h**2 - 35*h - 124. What is the tens digit of u(-3)?
1
Let u be (4 - 5) + -30*2/(-4). Suppose 5*j = 11 + u, j = t + 1. Suppose 1566 = 5*g + t*g. What is the units digit of g?
4
Let o(z) = z**3 - 6*z**2 - 3*z - 26. Let r = 54 - 47. Let y be o(r). Suppose 134 + 61 = 5*w - 4*i, -5*w - y*i = -195. What is the units digit of w?
9
Let w(h) = -16*h + 10*h - 24*h - 13. Let r be w(-11). Let k = -214 + r. What is the tens digit of k?
0
Let i(k) = k**3 + 2*k. Let g be i(0). Suppose 2*m + 3*m - 6435 = g. What is the tens digit of m?
8
Suppose 10*p - 16*p = 30. What is the units digit of 82 + (2 - (p + 2))?
7
Let h = 175 + -185. Let l = h + 165. What is the units digit of l?
5
Let v = 33 - 19. Let i be v/(3/(-18)*3). What is the units digit of 568/(-2)*7/i?
1
What is the tens digit of 7 + (7460 - -4 - 5)?
6
Suppose 40*n - 47*n = 168. What is the tens digit of (-12716)/(-36) + n/108?
5
Suppose -167 + 76 = 7*p. What is the thousands digit of (247/p - -13) + 1 + 1866?
1
Let m(i) = 1166*i**2 - 92*i + 437. What is the units digit of m(4)?
5
Suppose 2*j + 551 = 561. Suppose -31*a - 3970 = -j*y - 34*a, 5*y - a = 3950. What is the tens digit of y?
9
Suppose 2*j - 10 - 2 = 0. Suppose 168 = t + j*t. What is the units digit of t?
4
Suppose -300567 = -49*a + 1169139. What is the hundreds digit of a?
9
Suppose -3*a + q + 1 = 2*a, 5 = 4*a - 5*q. Suppose a = -4*g - g + 30. What is the tens digit of -4 + g + 82 + -4?
8
Let j = -82 - -86. Suppose 108 = 3*t - 3*v, -j*v = -2*t + 20 + 52. What is the tens digit of t?
3
Suppose 3*c - 5755 = -5*y + 2714, 3*y = 0. Let o = c - 1355. What is the hundreds digit of o?
4
Suppose 3*f + 4*l + 1212 = 9189, -3*l = -9. What is the units digit of f?
5
Let a be (-4)/(-14) - 19/(-7). Suppose -a*d = i + i - 206, 0 = 4*i - d - 440. What is the hundreds digit of i?
1
Let f(t) = 9*t - 19. Let l be f(6). Let x = 36 - l. What is the tens digit of (-26 - 2)/(x/(-2))?
5
Suppose 2*t = j - 4*j + 9565, t = j - 3195. What is the tens digit of j?
9
Let x = 40807 - 21798. What is the tens digit of x?
0
Let v = 15235 + 5241. What is the units digit of v?
6
Let l(u) = u**3 - 10*u**2 + 16*u - 40. Let x be l(8). Suppose k - 4 = 0, -3*k - 549 = -3*n + 57. Let p = x + n. What is the tens digit of p?
6
Let y(x) = 364*x - 135. Let w be y(4). Suppose -w = -3*k - 4*r + 97, -2*k = -r - 938. What is the tens digit of k?
7
Let u = -7650 + 20329. What is the units digit of u?
9
Suppose 26*p - 32*p + 4248 = 0. Let b = p + 510. What is the hundreds digit of b?
2
Let c(p) = 603*p - 59. Let v(s) = s**3 + 8*s**2 + 13*s + 8. Let a be v(-6). What is the thousands digit of c(a)?
1
Suppose 5*n = 2*v - 38142, 18 = 541*n - 538*n. What is the hundreds digit of v?
0
Suppose 0 = 22*n - 340 + 76. What is the tens digit of -24*(-5 - 645/n)?
1
Let w = 55 + 69. Let s be -3 + (40/15)/((-2)/(-9)). Suppose 0 = -3*i - 8*q + s*q + w, 0 = -q + 5. What is the units digit of i?
3
Suppose -21 = -0*w - 3*w + 5*j, -2*j = 0. Suppose -w*f + 1440 = -2*f. What is the units digit of f?
8
What is the thousands digit of (4585/21)/((-22)/(-1122))?
1
Suppose 0 = 3*x - 0*x, -3*i - 24 = -x. Let y(o) be the third derivative of o**6/120 + 2*o**5/15 - o**4/24 + 3*o**3 - 55*o**2. What is the tens digit of y(i)?
2
Let i(m) = 2*m**2 + 13*m - 20. Let b be i(-8). Suppose 0 = 4*z - 2*v - 1218, 340 + 887 = b*z + v. What is the units digit of z?
6
Let o(a) = -2*a**3 - 35*a**2 - 128*a - 202. What is the units digit of o(-27)?
5
Let l(g) = -g + 42. Let z be l(-10). Suppose w = -z + 252. What is the hundreds digit of w?
2
Let h = 3001 + -1887. Suppose -2*k + 2248 = 4*s, k = 3*s - 7*s + h. What is the units digit of k?
4
Let u(w) = -230*w + 125*w + 120*w + 14 + 14*w**2. What is the units digit of u(-1)?
3
Suppose 5*v = -20, 0*b + v = b + 2. Let s(w) = -3*w**3 + 8 + 0*w**3 + 23*w**2 - 12*w**2 + 4*w**3 + 22*w. What is the tens digit of s(b)?
5
Let m(o) = 1042*o + 1971. What is the ten thousands digit of m(13)?
1
Let n(l) = 7*l - 214. Let v be n(31). Suppose -1724 = -2*x - 5*t + 6*t, 4*t - 2564 = -v*x. What is the